{"id":7,"date":"2020-06-22T12:04:15","date_gmt":"2020-06-22T12:04:15","guid":{"rendered":"https:\/\/vasaror.fi\/?page_id=7"},"modified":"2020-06-23T08:58:24","modified_gmt":"2020-06-23T08:58:24","slug":"the-new-umoma-opens-its-doors-2","status":"publish","type":"page","link":"https:\/\/vasaror.fi\/?page_id=7&lang=sv","title":{"rendered":"Fullst\u00e4ndiga VVS-arbeten Vasa, Korsholm, V\u00f6r\u00e5"},"content":{"rendered":"\n<h2 class=\"wp-block-heading\">Hej och v\u00e4lkommen till VASAR\u00d6Rs hemsidor!<\/h2>\n\n\n\n<p>Vi p\u00e5 VASAR\u00d6R Ab g\u00f6r fullst\u00e4ndiga VVS-arbeten. Vi jobbar seri\u00f6st och ambiti\u00f6st med kvaliten som m\u00e5l. Vi har l\u00e5ng erfarenhet av olika vvs och ventilatonsarbeten.<\/p>\n\n\n\n<p>V\u00e5rat slutresultat \u00e4r alltid ett kvalitativt arbete.<\/p>\n\n\n\n<p>Vi jobbar i huvudsak i Vasa, Korsholm och V\u00f6r\u00e5 med omnejd.<\/p>\n\n\n\n<figure class=\"wp-block-image alignwide size-large is-style-default\"><img loading=\"lazy\" decoding=\"async\" width=\"1024\" height=\"534\" src=\"https:\/\/vasaror.fi\/wp-content\/uploads\/2020\/06\/vasaror-1024x534.jpg\" alt=\"\" class=\"wp-image-120\" srcset=\"https:\/\/vasaror.fi\/wp-content\/uploads\/2020\/06\/vasaror-1024x534.jpg 1024w, https:\/\/vasaror.fi\/wp-content\/uploads\/2020\/06\/vasaror-300x156.jpg 300w, https:\/\/vasaror.fi\/wp-content\/uploads\/2020\/06\/vasaror-768x401.jpg 768w, https:\/\/vasaror.fi\/wp-content\/uploads\/2020\/06\/vasaror-1200x626.jpg 1200w, https:\/\/vasaror.fi\/wp-content\/uploads\/2020\/06\/vasaror.jpg 1438w\" sizes=\"auto, (max-width: 1024px) 100vw, 1024px\" \/><\/figure>\n\n\n\n<h2 class=\"wp-block-heading\">Om f\u00f6retaget<\/h2>\n\n\n\n<p>F\u00f6retaget Vasar\u00f6r grundades 2009 genom att Joakim och Ronny som drivit egna f\u00f6retag sedan 10 \u00e5r tillbaka, gick ihop och bildade Vasar\u00f6r Ab.<\/p>\n\n\n\n<p>F\u00f6retaget h\u00e5ller nio personer sysselsatta. Vasar\u00f6r jobbar i huvudsak med egnahemshus, b\u00e5de nyinstallation och service. P\u00e5 v\u00e5r meritlista finns \u00f6ver 500 nybyggen och ett stort antal renoveringar<\/p>\n\n\n\n<p>Vi str\u00e4var efter att alltid leverera en totall\u00f6sning \u00e5t v\u00e5ra kunder inom VVS och ventilation enligt nyckeln i hand principen.<\/p>\n\n\n\n<p>Alla v\u00e5ra kunder \u00e4r lika viktiga oavs\u00e4tt om det g\u00e4ller vvs installation i ett nybygge eller service av ett droppande kran.&nbsp;<\/p>\n\n\n\n<p><a href=\"https:\/\/vasaror.fi\/?page_id=9&amp;lang=sv\">Kontakta oss!<\/a><\/p>\n\n\n\n<p><\/p>\n\n\n\n<figure class=\"wp-block-gallery alignwide columns-2 is-cropped wp-block-gallery-1 is-layout-flex wp-block-gallery-is-layout-flex\"><ul class=\"blocks-gallery-grid\"><li class=\"blocks-gallery-item\"><figure><img loading=\"lazy\" decoding=\"async\" width=\"860\" height=\"480\" src=\"https:\/\/vasaror.fi\/wp-content\/uploads\/2020\/06\/csm_3031f_2017__inspera_romantic_kitchen_860x480_47acf0db77.jpg\" alt=\"\" data-id=\"32\" data-link=\"https:\/\/vasaror.fi\/?attachment_id=32\" class=\"wp-image-32\" srcset=\"https:\/\/vasaror.fi\/wp-content\/uploads\/2020\/06\/csm_3031f_2017__inspera_romantic_kitchen_860x480_47acf0db77.jpg 860w, https:\/\/vasaror.fi\/wp-content\/uploads\/2020\/06\/csm_3031f_2017__inspera_romantic_kitchen_860x480_47acf0db77-300x167.jpg 300w, https:\/\/vasaror.fi\/wp-content\/uploads\/2020\/06\/csm_3031f_2017__inspera_romantic_kitchen_860x480_47acf0db77-768x429.jpg 768w\" sizes=\"auto, (max-width: 860px) 100vw, 860px\" \/><\/figure><\/li><li class=\"blocks-gallery-item\"><figure><img loading=\"lazy\" decoding=\"async\" width=\"1000\" height=\"562\" src=\"https:\/\/vasaror.fi\/wp-content\/uploads\/2020\/06\/img_20151208_151311.jpg\" alt=\"\" data-id=\"34\" data-full-url=\"https:\/\/vasaror.fi\/wp-content\/uploads\/2020\/06\/img_20151208_151311.jpg\" data-link=\"https:\/\/vasaror.fi\/?attachment_id=34\" class=\"wp-image-34\" srcset=\"https:\/\/vasaror.fi\/wp-content\/uploads\/2020\/06\/img_20151208_151311.jpg 1000w, https:\/\/vasaror.fi\/wp-content\/uploads\/2020\/06\/img_20151208_151311-300x169.jpg 300w, https:\/\/vasaror.fi\/wp-content\/uploads\/2020\/06\/img_20151208_151311-768x432.jpg 768w\" sizes=\"auto, (max-width: 1000px) 100vw, 1000px\" \/><\/figure><\/li><\/ul><\/figure>\n","protected":false},"excerpt":{"rendered":"<p>Hej och v\u00e4lkommen till VASAR\u00d6Rs hemsidor! Vi p\u00e5 VASAR\u00d6R Ab g\u00f6r fullst\u00e4ndiga VVS-arbeten. Vi jobbar seri\u00f6st och ambiti\u00f6st med kvaliten som m\u00e5l. Vi har l\u00e5ng erfarenhet av olika vvs och ventilatonsarbeten. V\u00e5rat slutresultat \u00e4r alltid ett kvalitativt arbete. Vi jobbar i huvudsak i Vasa, Korsholm och V\u00f6r\u00e5 med omnejd. Om f\u00f6retaget F\u00f6retaget Vasar\u00f6r grundades 2009 [&hellip;]<\/p>\n","protected":false},"author":1,"featured_media":0,"parent":0,"menu_order":0,"comment_status":"closed","ping_status":"closed","template":"","meta":{"footnotes":""},"class_list":["post-7","page","type-page","status-publish","hentry"],"yoast_head":"<!-- This site is optimized with the Yoast SEO plugin v19.10 - https:\/\/yoast.com\/wordpress\/plugins\/seo\/ -->\n<title>Fullst\u00e4ndiga VVS-arbeten Vasa, Korsholm, V\u00f6r\u00e5 - Vasar\u00f6r Ab<\/title>\n<meta name=\"robots\" content=\"index, follow, max-snippet:-1, max-image-preview:large, max-video-preview:-1\" \/>\n<link rel=\"canonical\" href=\"https:\/\/vasaror.fi\/?page_id=7&lang=sv\" \/>\n<meta property=\"og:locale\" content=\"sv_SE\" \/>\n<meta property=\"og:type\" content=\"article\" \/>\n<meta property=\"og:title\" content=\"Fullst\u00e4ndiga VVS-arbeten Vasa, Korsholm, V\u00f6r\u00e5 - Vasar\u00f6r Ab\" \/>\n<meta property=\"og:description\" content=\"Hej och v\u00e4lkommen till VASAR\u00d6Rs hemsidor! Vi p\u00e5 VASAR\u00d6R Ab g\u00f6r fullst\u00e4ndiga VVS-arbeten. Vi jobbar seri\u00f6st och ambiti\u00f6st med kvaliten som m\u00e5l. Vi har l\u00e5ng erfarenhet av olika vvs och ventilatonsarbeten. V\u00e5rat slutresultat \u00e4r alltid ett kvalitativt arbete. Vi jobbar i huvudsak i Vasa, Korsholm och V\u00f6r\u00e5 med omnejd. Om f\u00f6retaget F\u00f6retaget Vasar\u00f6r grundades 2009 [&hellip;]\" \/>\n<meta property=\"og:url\" content=\"https:\/\/vasaror.fi\/?page_id=7&amp;lang=sv\" \/>\n<meta property=\"og:site_name\" content=\"Vasar\u00f6r Ab\" \/>\n<meta property=\"article:modified_time\" content=\"2020-06-23T08:58:24+00:00\" \/>\n<meta property=\"og:image\" content=\"https:\/\/vasaror.fi\/wp-content\/uploads\/2020\/06\/vasaror-1024x534.jpg\" \/>\n<meta name=\"twitter:card\" content=\"summary_large_image\" \/>\n<meta name=\"twitter:label1\" content=\"Ber\u00e4knad l\u00e4stid\" \/>\n\t<meta name=\"twitter:data1\" content=\"1 minut\" \/>\n<script type=\"application\/ld+json\" class=\"yoast-schema-graph\">{\"@context\":\"https:\/\/schema.org\",\"@graph\":[{\"@type\":\"WebPage\",\"@id\":\"https:\/\/vasaror.fi\/?page_id=7&lang=sv\",\"url\":\"https:\/\/vasaror.fi\/?page_id=7&lang=sv\",\"name\":\"Fullst\u00e4ndiga VVS-arbeten Vasa, Korsholm, V\u00f6r\u00e5 - Vasar\u00f6r Ab\",\"isPartOf\":{\"@id\":\"https:\/\/vasaror.fi\/#website\"},\"datePublished\":\"2020-06-22T12:04:15+00:00\",\"dateModified\":\"2020-06-23T08:58:24+00:00\",\"breadcrumb\":{\"@id\":\"https:\/\/vasaror.fi\/?page_id=7&lang=sv#breadcrumb\"},\"inLanguage\":\"sv-SE\",\"potentialAction\":[{\"@type\":\"ReadAction\",\"target\":[\"https:\/\/vasaror.fi\/?page_id=7&lang=sv\"]}]},{\"@type\":\"BreadcrumbList\",\"@id\":\"https:\/\/vasaror.fi\/?page_id=7&lang=sv#breadcrumb\",\"itemListElement\":[{\"@type\":\"ListItem\",\"position\":1,\"name\":\"Home\",\"item\":\"https:\/\/vasaror.fi\/?page_id=7&lang=sv\"},{\"@type\":\"ListItem\",\"position\":2,\"name\":\"Fullst\u00e4ndiga VVS-arbeten Vasa, Korsholm, V\u00f6r\u00e5\"}]},{\"@type\":\"WebSite\",\"@id\":\"https:\/\/vasaror.fi\/#website\",\"url\":\"https:\/\/vasaror.fi\/\",\"name\":\"Vasar\u00f6r Ab\",\"description\":\"\",\"publisher\":{\"@id\":\"https:\/\/vasaror.fi\/#organization\"},\"potentialAction\":[{\"@type\":\"SearchAction\",\"target\":{\"@type\":\"EntryPoint\",\"urlTemplate\":\"https:\/\/vasaror.fi\/?s={search_term_string}\"},\"query-input\":\"required name=search_term_string\"}],\"inLanguage\":\"sv-SE\"},{\"@type\":\"Organization\",\"@id\":\"https:\/\/vasaror.fi\/#organization\",\"name\":\"Vasar\u00f6r Ab\",\"url\":\"https:\/\/vasaror.fi\/\",\"logo\":{\"@type\":\"ImageObject\",\"inLanguage\":\"sv-SE\",\"@id\":\"https:\/\/vasaror.fi\/#\/schema\/logo\/image\/\",\"url\":\"https:\/\/vasaror.fi\/wp-content\/uploads\/2020\/06\/cropped-1544343_1435417490026233_191502105_n.jpg\",\"contentUrl\":\"https:\/\/vasaror.fi\/wp-content\/uploads\/2020\/06\/cropped-1544343_1435417490026233_191502105_n.jpg\",\"width\":546,\"height\":241,\"caption\":\"Vasar\u00f6r Ab\"},\"image\":{\"@id\":\"https:\/\/vasaror.fi\/#\/schema\/logo\/image\/\"}}]}<\/script>\n<!-- \/ Yoast SEO plugin. -->","yoast_head_json":{"title":"Fullst\u00e4ndiga VVS-arbeten Vasa, Korsholm, V\u00f6r\u00e5 - Vasar\u00f6r Ab","robots":{"index":"index","follow":"follow","max-snippet":"max-snippet:-1","max-image-preview":"max-image-preview:large","max-video-preview":"max-video-preview:-1"},"canonical":"https:\/\/vasaror.fi\/?page_id=7&lang=sv","og_locale":"sv_SE","og_type":"article","og_title":"Fullst\u00e4ndiga VVS-arbeten Vasa, Korsholm, V\u00f6r\u00e5 - Vasar\u00f6r Ab","og_description":"Hej och v\u00e4lkommen till VASAR\u00d6Rs hemsidor! Vi p\u00e5 VASAR\u00d6R Ab g\u00f6r fullst\u00e4ndiga VVS-arbeten. Vi jobbar seri\u00f6st och ambiti\u00f6st med kvaliten som m\u00e5l. Vi har l\u00e5ng erfarenhet av olika vvs och ventilatonsarbeten. V\u00e5rat slutresultat \u00e4r alltid ett kvalitativt arbete. Vi jobbar i huvudsak i Vasa, Korsholm och V\u00f6r\u00e5 med omnejd. Om f\u00f6retaget F\u00f6retaget Vasar\u00f6r grundades 2009 [&hellip;]","og_url":"https:\/\/vasaror.fi\/?page_id=7&lang=sv","og_site_name":"Vasar\u00f6r Ab","article_modified_time":"2020-06-23T08:58:24+00:00","og_image":[{"url":"https:\/\/vasaror.fi\/wp-content\/uploads\/2020\/06\/vasaror-1024x534.jpg"}],"twitter_card":"summary_large_image","twitter_misc":{"Ber\u00e4knad l\u00e4stid":"1 minut"},"schema":{"@context":"https:\/\/schema.org","@graph":[{"@type":"WebPage","@id":"https:\/\/vasaror.fi\/?page_id=7&lang=sv","url":"https:\/\/vasaror.fi\/?page_id=7&lang=sv","name":"Fullst\u00e4ndiga VVS-arbeten Vasa, Korsholm, V\u00f6r\u00e5 - Vasar\u00f6r Ab","isPartOf":{"@id":"https:\/\/vasaror.fi\/#website"},"datePublished":"2020-06-22T12:04:15+00:00","dateModified":"2020-06-23T08:58:24+00:00","breadcrumb":{"@id":"https:\/\/vasaror.fi\/?page_id=7&lang=sv#breadcrumb"},"inLanguage":"sv-SE","potentialAction":[{"@type":"ReadAction","target":["https:\/\/vasaror.fi\/?page_id=7&lang=sv"]}]},{"@type":"BreadcrumbList","@id":"https:\/\/vasaror.fi\/?page_id=7&lang=sv#breadcrumb","itemListElement":[{"@type":"ListItem","position":1,"name":"Home","item":"https:\/\/vasaror.fi\/?page_id=7&lang=sv"},{"@type":"ListItem","position":2,"name":"Fullst\u00e4ndiga VVS-arbeten Vasa, Korsholm, V\u00f6r\u00e5"}]},{"@type":"WebSite","@id":"https:\/\/vasaror.fi\/#website","url":"https:\/\/vasaror.fi\/","name":"Vasar\u00f6r Ab","description":"","publisher":{"@id":"https:\/\/vasaror.fi\/#organization"},"potentialAction":[{"@type":"SearchAction","target":{"@type":"EntryPoint","urlTemplate":"https:\/\/vasaror.fi\/?s={search_term_string}"},"query-input":"required name=search_term_string"}],"inLanguage":"sv-SE"},{"@type":"Organization","@id":"https:\/\/vasaror.fi\/#organization","name":"Vasar\u00f6r Ab","url":"https:\/\/vasaror.fi\/","logo":{"@type":"ImageObject","inLanguage":"sv-SE","@id":"https:\/\/vasaror.fi\/#\/schema\/logo\/image\/","url":"https:\/\/vasaror.fi\/wp-content\/uploads\/2020\/06\/cropped-1544343_1435417490026233_191502105_n.jpg","contentUrl":"https:\/\/vasaror.fi\/wp-content\/uploads\/2020\/06\/cropped-1544343_1435417490026233_191502105_n.jpg","width":546,"height":241,"caption":"Vasar\u00f6r Ab"},"image":{"@id":"https:\/\/vasaror.fi\/#\/schema\/logo\/image\/"}}]}},"_links":{"self":[{"href":"https:\/\/vasaror.fi\/index.php?rest_route=\/wp\/v2\/pages\/7","targetHints":{"allow":["GET"]}}],"collection":[{"href":"https:\/\/vasaror.fi\/index.php?rest_route=\/wp\/v2\/pages"}],"about":[{"href":"https:\/\/vasaror.fi\/index.php?rest_route=\/wp\/v2\/types\/page"}],"author":[{"embeddable":true,"href":"https:\/\/vasaror.fi\/index.php?rest_route=\/wp\/v2\/users\/1"}],"replies":[{"embeddable":true,"href":"https:\/\/vasaror.fi\/index.php?rest_route=%2Fwp%2Fv2%2Fcomments&post=7"}],"version-history":[{"count":10,"href":"https:\/\/vasaror.fi\/index.php?rest_route=\/wp\/v2\/pages\/7\/revisions"}],"predecessor-version":[{"id":126,"href":"https:\/\/vasaror.fi\/index.php?rest_route=\/wp\/v2\/pages\/7\/revisions\/126"}],"wp:attachment":[{"href":"https:\/\/vasaror.fi\/index.php?rest_route=%2Fwp%2Fv2%2Fmedia&parent=7"}],"curies":[{"name":"wp","href":"https:\/\/api.w.org\/{rel}","templated":true}]}}