{"id":84,"date":"2020-06-22T21:55:31","date_gmt":"2020-06-22T21:55:31","guid":{"rendered":"https:\/\/vasaror.fi\/?page_id=84"},"modified":"2020-06-23T07:55:31","modified_gmt":"2020-06-23T07:55:31","slug":"leverantorer","status":"publish","type":"page","link":"https:\/\/vasaror.fi\/?page_id=84","title":{"rendered":"Leverant\u00f6rer"},"content":{"rendered":"\n<h4 class=\"wp-block-heading\">V\u00e5ra leverant\u00f6rer | Vasa, Korsholm, V\u00f6r\u00e5<\/h4>\n\n\n\n<figure class=\"wp-block-image\"><a href=\"http:\/\/www.nibe.fi\/\" target=\"_blank\" rel=\"noreferrer noopener\"><img decoding=\"async\" src=\"https:\/\/www.vasaror.fi\/media\/tiedostot\/nibe.jpg\" alt=\"nibe\"\/><\/a><\/figure>\n\n\n\n<figure class=\"wp-block-image\"><a href=\"http:\/\/www.geopro.fi\/\" target=\"_blank\" rel=\"noreferrer noopener\"><img decoding=\"async\" src=\"https:\/\/www.vasaror.fi\/media\/tiedostot\/geopro.jpg\" alt=\"geopro\"\/><\/a><\/figure>\n\n\n\n<h4 class=\"wp-block-heading\">Kraner och armaturer<\/h4>\n\n\n\n<figure class=\"wp-block-image\"><a href=\"http:\/\/www.oras.com\/\" target=\"_blank\" rel=\"noreferrer noopener\"><img decoding=\"async\" src=\"https:\/\/www.vasaror.fi\/media\/tiedostot\/oras.jpg\" alt=\"oras\"\/><\/a><\/figure>\n\n\n\n<figure class=\"wp-block-image\"><a href=\"http:\/\/www.tapwell.fi\/\" target=\"_blank\" rel=\"noreferrer noopener\"><img decoding=\"async\" src=\"https:\/\/www.vasaror.fi\/media\/tiedostot\/tapwell.jpg\" alt=\"tapwell\"\/><\/a><\/figure>\n\n\n\n<h4 class=\"wp-block-heading\">Golvv\u00e4rme<\/h4>\n\n\n\n<figure class=\"wp-block-image\"><a href=\"http:\/\/www.roth-nordic.se\/\" target=\"_blank\" rel=\"noreferrer noopener\"><img decoding=\"async\" src=\"https:\/\/www.vasaror.fi\/media\/tiedostot\/roth.jpg\" alt=\"roth\"\/><\/a><\/figure>\n\n\n\n<figure class=\"wp-block-image\"><a href=\"http:\/\/www.uponor.se\/\" target=\"_blank\" rel=\"noreferrer noopener\"><img decoding=\"async\" src=\"https:\/\/www.vasaror.fi\/media\/tiedostot\/uponor.jpg\" alt=\"uponor\"\/><\/a><\/figure>\n\n\n\n<h4 class=\"wp-block-heading\">V\u00e4rmepannor<\/h4>\n\n\n\n<figure class=\"wp-block-image\"><a href=\"http:\/\/www.termocal.fi\/se\" target=\"_blank\" rel=\"noreferrer noopener\"><img decoding=\"async\" src=\"https:\/\/www.vasaror.fi\/media\/tiedostot\/termax.jpg\" alt=\"termax\"\/><\/a><\/figure>\n\n\n\n<figure class=\"wp-block-image\"><a href=\"http:\/\/www.xn--jspi-loa.fi\/sv\/front\" target=\"_blank\" rel=\"noreferrer noopener\"><img decoding=\"async\" src=\"https:\/\/www.vasaror.fi\/media\/tiedostot\/jaspi.jpg\" alt=\"jaspi\"\/><\/a><\/figure>\n\n\n\n<h4 class=\"wp-block-heading\">Oljebr\u00e4nnare<\/h4>\n\n\n\n<figure class=\"wp-block-image\"><a href=\"http:\/\/www.oilon.fi\/\" target=\"_blank\" rel=\"noreferrer noopener\"><img decoding=\"async\" src=\"https:\/\/www.vasaror.fi\/media\/tiedostot\/oilon.jpg\" alt=\"oilon\"\/><\/a><\/figure>\n\n\n\n<figure class=\"wp-block-image\"><a href=\"http:\/\/www.bentone.se\/\" target=\"_blank\" rel=\"noreferrer noopener\"><img decoding=\"async\" src=\"https:\/\/www.vasaror.fi\/media\/tiedostot\/bentone.jpg\" alt=\"bentone\"\/><\/a><\/figure>\n\n\n\n<h4 class=\"wp-block-heading\">Ventilation<\/h4>\n\n\n\n<figure class=\"wp-block-image\"><a href=\"http:\/\/www.enervent.fi\/\" target=\"_blank\" rel=\"noreferrer noopener\"><img decoding=\"async\" src=\"https:\/\/www.vasaror.fi\/media\/tiedostot\/evervent.jpg\" alt=\"evervent\"\/><\/a><\/figure>\n\n\n\n<figure class=\"wp-block-image\"><a href=\"http:\/\/www.vallox.fi\/\" target=\"_blank\" rel=\"noreferrer noopener\"><img decoding=\"async\" src=\"https:\/\/www.vasaror.fi\/media\/tiedostot\/vallox.jpg\" alt=\"vallox\"\/><\/a><\/figure>\n\n\n\n<h4 class=\"wp-block-heading\">Porslin<\/h4>\n\n\n\n<figure class=\"wp-block-image\"><a href=\"http:\/\/www.ido.fi\/\" target=\"_blank\" rel=\"noreferrer noopener\"><img decoding=\"async\" src=\"https:\/\/www.vasaror.fi\/media\/tiedostot\/ido.jpg\" alt=\"ido\"\/><\/a><\/figure>\n\n\n\n<figure class=\"wp-block-image\"><a href=\"http:\/\/www.gustavsberg.se\/\" target=\"_blank\" rel=\"noreferrer noopener\"><img decoding=\"async\" src=\"https:\/\/www.vasaror.fi\/media\/tiedostot\/gustavsberg.jpg\" alt=\"gustavsberg\"\/><\/a><\/figure>\n","protected":false},"excerpt":{"rendered":"<p>V\u00e5ra leverant\u00f6rer | Vasa, Korsholm, V\u00f6r\u00e5 Kraner och armaturer Golvv\u00e4rme V\u00e4rmepannor Oljebr\u00e4nnare Ventilation Porslin<\/p>\n","protected":false},"author":1,"featured_media":0,"parent":0,"menu_order":0,"comment_status":"closed","ping_status":"closed","template":"","meta":{"footnotes":""},"class_list":["post-84","page","type-page","status-publish","hentry"],"yoast_head":"<!-- This site is optimized with the Yoast SEO plugin v19.10 - https:\/\/yoast.com\/wordpress\/plugins\/seo\/ -->\n<title>Leverant\u00f6rer - Vasar\u00f6r Ab<\/title>\n<meta name=\"robots\" content=\"index, follow, max-snippet:-1, max-image-preview:large, max-video-preview:-1\" \/>\n<link rel=\"canonical\" href=\"https:\/\/vasaror.fi\/?page_id=84\" \/>\n<meta property=\"og:locale\" content=\"sv_SE\" \/>\n<meta property=\"og:type\" content=\"article\" \/>\n<meta property=\"og:title\" content=\"Leverant\u00f6rer - Vasar\u00f6r Ab\" \/>\n<meta property=\"og:description\" content=\"V\u00e5ra leverant\u00f6rer | Vasa, Korsholm, V\u00f6r\u00e5 Kraner och armaturer Golvv\u00e4rme V\u00e4rmepannor Oljebr\u00e4nnare Ventilation Porslin\" \/>\n<meta property=\"og:url\" content=\"https:\/\/vasaror.fi\/?page_id=84\" \/>\n<meta property=\"og:site_name\" content=\"Vasar\u00f6r Ab\" \/>\n<meta property=\"article:modified_time\" content=\"2020-06-23T07:55:31+00:00\" \/>\n<meta property=\"og:image\" content=\"https:\/\/www.vasaror.fi\/media\/tiedostot\/nibe.jpg\" \/>\n<meta name=\"twitter:card\" content=\"summary_large_image\" \/>\n<script type=\"application\/ld+json\" class=\"yoast-schema-graph\">{\"@context\":\"https:\/\/schema.org\",\"@graph\":[{\"@type\":\"WebPage\",\"@id\":\"https:\/\/vasaror.fi\/?page_id=84\",\"url\":\"https:\/\/vasaror.fi\/?page_id=84\",\"name\":\"Leverant\u00f6rer - Vasar\u00f6r Ab\",\"isPartOf\":{\"@id\":\"https:\/\/vasaror.fi\/#website\"},\"datePublished\":\"2020-06-22T21:55:31+00:00\",\"dateModified\":\"2020-06-23T07:55:31+00:00\",\"breadcrumb\":{\"@id\":\"https:\/\/vasaror.fi\/?page_id=84#breadcrumb\"},\"inLanguage\":\"sv-SE\",\"potentialAction\":[{\"@type\":\"ReadAction\",\"target\":[\"https:\/\/vasaror.fi\/?page_id=84\"]}]},{\"@type\":\"BreadcrumbList\",\"@id\":\"https:\/\/vasaror.fi\/?page_id=84#breadcrumb\",\"itemListElement\":[{\"@type\":\"ListItem\",\"position\":1,\"name\":\"Home\",\"item\":\"https:\/\/vasaror.fi\/?page_id=7&lang=sv\"},{\"@type\":\"ListItem\",\"position\":2,\"name\":\"Leverant\u00f6rer\"}]},{\"@type\":\"WebSite\",\"@id\":\"https:\/\/vasaror.fi\/#website\",\"url\":\"https:\/\/vasaror.fi\/\",\"name\":\"Vasar\u00f6r Ab\",\"description\":\"\",\"publisher\":{\"@id\":\"https:\/\/vasaror.fi\/#organization\"},\"potentialAction\":[{\"@type\":\"SearchAction\",\"target\":{\"@type\":\"EntryPoint\",\"urlTemplate\":\"https:\/\/vasaror.fi\/?s={search_term_string}\"},\"query-input\":\"required name=search_term_string\"}],\"inLanguage\":\"sv-SE\"},{\"@type\":\"Organization\",\"@id\":\"https:\/\/vasaror.fi\/#organization\",\"name\":\"Vasar\u00f6r Ab\",\"url\":\"https:\/\/vasaror.fi\/\",\"logo\":{\"@type\":\"ImageObject\",\"inLanguage\":\"sv-SE\",\"@id\":\"https:\/\/vasaror.fi\/#\/schema\/logo\/image\/\",\"url\":\"https:\/\/vasaror.fi\/wp-content\/uploads\/2020\/06\/cropped-1544343_1435417490026233_191502105_n.jpg\",\"contentUrl\":\"https:\/\/vasaror.fi\/wp-content\/uploads\/2020\/06\/cropped-1544343_1435417490026233_191502105_n.jpg\",\"width\":546,\"height\":241,\"caption\":\"Vasar\u00f6r Ab\"},\"image\":{\"@id\":\"https:\/\/vasaror.fi\/#\/schema\/logo\/image\/\"}}]}<\/script>\n<!-- \/ Yoast SEO plugin. -->","yoast_head_json":{"title":"Leverant\u00f6rer - Vasar\u00f6r Ab","robots":{"index":"index","follow":"follow","max-snippet":"max-snippet:-1","max-image-preview":"max-image-preview:large","max-video-preview":"max-video-preview:-1"},"canonical":"https:\/\/vasaror.fi\/?page_id=84","og_locale":"sv_SE","og_type":"article","og_title":"Leverant\u00f6rer - Vasar\u00f6r Ab","og_description":"V\u00e5ra leverant\u00f6rer | Vasa, Korsholm, V\u00f6r\u00e5 Kraner och armaturer Golvv\u00e4rme V\u00e4rmepannor Oljebr\u00e4nnare Ventilation Porslin","og_url":"https:\/\/vasaror.fi\/?page_id=84","og_site_name":"Vasar\u00f6r Ab","article_modified_time":"2020-06-23T07:55:31+00:00","og_image":[{"url":"https:\/\/www.vasaror.fi\/media\/tiedostot\/nibe.jpg"}],"twitter_card":"summary_large_image","schema":{"@context":"https:\/\/schema.org","@graph":[{"@type":"WebPage","@id":"https:\/\/vasaror.fi\/?page_id=84","url":"https:\/\/vasaror.fi\/?page_id=84","name":"Leverant\u00f6rer - Vasar\u00f6r Ab","isPartOf":{"@id":"https:\/\/vasaror.fi\/#website"},"datePublished":"2020-06-22T21:55:31+00:00","dateModified":"2020-06-23T07:55:31+00:00","breadcrumb":{"@id":"https:\/\/vasaror.fi\/?page_id=84#breadcrumb"},"inLanguage":"sv-SE","potentialAction":[{"@type":"ReadAction","target":["https:\/\/vasaror.fi\/?page_id=84"]}]},{"@type":"BreadcrumbList","@id":"https:\/\/vasaror.fi\/?page_id=84#breadcrumb","itemListElement":[{"@type":"ListItem","position":1,"name":"Home","item":"https:\/\/vasaror.fi\/?page_id=7&lang=sv"},{"@type":"ListItem","position":2,"name":"Leverant\u00f6rer"}]},{"@type":"WebSite","@id":"https:\/\/vasaror.fi\/#website","url":"https:\/\/vasaror.fi\/","name":"Vasar\u00f6r Ab","description":"","publisher":{"@id":"https:\/\/vasaror.fi\/#organization"},"potentialAction":[{"@type":"SearchAction","target":{"@type":"EntryPoint","urlTemplate":"https:\/\/vasaror.fi\/?s={search_term_string}"},"query-input":"required name=search_term_string"}],"inLanguage":"sv-SE"},{"@type":"Organization","@id":"https:\/\/vasaror.fi\/#organization","name":"Vasar\u00f6r Ab","url":"https:\/\/vasaror.fi\/","logo":{"@type":"ImageObject","inLanguage":"sv-SE","@id":"https:\/\/vasaror.fi\/#\/schema\/logo\/image\/","url":"https:\/\/vasaror.fi\/wp-content\/uploads\/2020\/06\/cropped-1544343_1435417490026233_191502105_n.jpg","contentUrl":"https:\/\/vasaror.fi\/wp-content\/uploads\/2020\/06\/cropped-1544343_1435417490026233_191502105_n.jpg","width":546,"height":241,"caption":"Vasar\u00f6r Ab"},"image":{"@id":"https:\/\/vasaror.fi\/#\/schema\/logo\/image\/"}}]}},"_links":{"self":[{"href":"https:\/\/vasaror.fi\/index.php?rest_route=\/wp\/v2\/pages\/84","targetHints":{"allow":["GET"]}}],"collection":[{"href":"https:\/\/vasaror.fi\/index.php?rest_route=\/wp\/v2\/pages"}],"about":[{"href":"https:\/\/vasaror.fi\/index.php?rest_route=\/wp\/v2\/types\/page"}],"author":[{"embeddable":true,"href":"https:\/\/vasaror.fi\/index.php?rest_route=\/wp\/v2\/users\/1"}],"replies":[{"embeddable":true,"href":"https:\/\/vasaror.fi\/index.php?rest_route=%2Fwp%2Fv2%2Fcomments&post=84"}],"version-history":[{"count":3,"href":"https:\/\/vasaror.fi\/index.php?rest_route=\/wp\/v2\/pages\/84\/revisions"}],"predecessor-version":[{"id":110,"href":"https:\/\/vasaror.fi\/index.php?rest_route=\/wp\/v2\/pages\/84\/revisions\/110"}],"wp:attachment":[{"href":"https:\/\/vasaror.fi\/index.php?rest_route=%2Fwp%2Fv2%2Fmedia&parent=84"}],"curies":[{"name":"wp","href":"https:\/\/api.w.org\/{rel}","templated":true}]}}